r and v?
2
Suppose 23*k - 2324 = -23*k - 37*k. Calculate the highest common factor of k and 2191.
7
Suppose 0 = -3*n + 3*o + 2706, -6*n + 7*n - 914 = -3*o. Let d be 1/(-3) - 1*n/(-15). Calculate the highest common factor of 270 and d.
30
Let z = -211 + 211. Suppose z*u = 5*u + 3*g - 5553, -5551 = -5*u - g. What is the greatest common factor of 37 and u?
37
Let c(y) = -y**3 - 30*y**2 - 24*y - 23. Let d be c(-30). Let l = d + -497. Calculate the highest common factor of 8 and l.
8
Suppose 11*y = 23*y + 924. Let z be 16/(-28) - 17831/y. Let u be (0 - (-7)/1)*3. Calculate the highest common factor of z and u.
21
Suppose 4*h = 702 + 198. Let i be ((-72)/3)/(-6) - 0. Suppose -40 = -2*r - 5*t, -i*r - t - 27 = -5*r. What is the greatest common factor of r and h?
25
Suppose 2*p + 17*u - 100 = 14*u, 5*u = p - 24. What is the greatest common divisor of p and 14564?
44
Let i = 208 + -165. Suppose 57*g = i*g + 14. What is the greatest common divisor of 19 and g?
1
Let p(k) = 2*k**2 - 21*k + 1. Let a be p(11). Let n(y) = y**3 - 8*y**2 + 4*y + 19. Let b be n(2). Calculate the greatest common divisor of a and b.
3
Suppose 18*w = 28*w - 1760. Let q = 197 - w. Calculate the greatest common divisor of 252 and q.
21
Suppose -10*r = 27 + 43. Let k(t) = t + 34. Let n be k(r). What is the highest common factor of n and 45?
9
Let g(y) = 144 + 0*y + 19*y**2 + 141 - 2*y**3 - 269 - y. Let v be g(9). What is the greatest common divisor of 220 and v?
44
Let h(u) = -220*u - 1030. Let p be h(-7). Calculate the highest common divisor of p and 170.
170
Suppose 349*f - 332*f - 3366 = 0. Suppose 3*n - 399 = 2*w, 5*w + f = 5*n - 462. Let c be (-15)/(-2)*6 + 0. What is the greatest common factor of c and n?
45
Let d(q) = -q**2 - 22*q + 97. Let s be d(5). Let i be (-2)/((-2)/(-45))*(-39 - s). What is the greatest common factor of i and 36?
9
Let z = -90 + 95. Suppose 5*l - 11 = y + 63, -3*l - z*y = -50. Calculate the greatest common factor of 5 and l.
5
Let l(g) = 18*g**2 - 16*g - 61. Let z be l(-4). What is the greatest common factor of z and 1067?
97
Let k = 76 + -28. Let j = k - 45. Suppose 38 = l - p + 2*p, j*p = -5*l + 196. What is the greatest common factor of l and 164?
41
Let v(f) = 4*f**2 + 2*f - 2. Let r be v(-2). Let b = -800 + 825. Calculate the greatest common divisor of r and b.
5
Let o(z) = -78*z - 9. Let s be o(-2). Suppose -s = 5*f - 527. Let b = f + -37. What is the greatest common divisor of 273 and b?
39
Suppose -2*r - 18 = -38. Suppose 1900 = -5*m + 15*m. What is the highest common divisor of m and r?
10
Let w be (-23)/(179*(-2)/602 + 72/126). What is the highest common divisor of w and 23?
23
Let v = 93 - -111. Let c(n) = -325*n - 915. Let b be c(-3). Calculate the highest common factor of b and v.
12
Let l = -6627 - -10098. Let s be 32/(-176) - l/(-33). Calculate the highest common divisor of s and 42.
21
Let x be 3/4*4 + (-3 - -114). What is the greatest common divisor of 513 and x?
57
Suppose -5*u - 3*g + 27 = -659, -3*g = -3*u + 402. Suppose -4*t + 100 = -4*f, -440*t + 439*t - 3*f - 7 = 0. What is the greatest common factor of u and t?
17
Let u(a) = -38*a + 41. Let p be u(4). Let r = -77 - p. Let w = 162 - r. What is the greatest common factor of w and 32?
32
Suppose 3*w - 113 - 13 = 0. Let s = -40 + w. Suppose -2*t + 0*t + s*y + 108 = 0, -2*t - y + 96 = 0. What is the greatest common factor of t and 5?
5
Suppose -g + 17 = -12*v + 8*v, 0 = -4*g + 2*v + 40. Calculate the highest common factor of g and 36.
9
Let x(h) = 14*h + 164. Let j(d) = 15*d**2 + 15*d + 14. Let t be j(-1). Let y be x(t). What is the greatest common divisor of 45 and y?
45
Let c be (-12)/9 + (-26572)/(-21). What is the highest common divisor of 32 and c?
16
Let h(g) = -369*g + 5911. Let k be h(16). Let d(y) = -y**3 - 8*y**2 - 7*y + 4. Let q be d(-7). Calculate the greatest common divisor of k and q.
1
Let z = 199 - 199. Let b(v) = -v**2 - 2*v + 35. Let f be b(z). What is the highest common divisor of 140 and f?
35
Let f = 58656 + -58572. Let y = -26 - -62. What is the highest common divisor of y and f?
12
Let r(z) = -z**2 + 993*z + 47. Let y be r(0). Calculate the greatest common divisor of 23453 and y.
47
Suppose -2*f = -4*f - 8, 257 = 5*t - 3*f. Suppose 302 = 9*m - t. What is the greatest common divisor of 52 and m?
13
Let c = -9 - -19. Let l(m) = 4*m**2 - 125*m + 58. Let v be l(32). Let y be v/c - (-33)/55. What is the highest common divisor of 48 and y?
16
Suppose 4*f - 3290 = -2*d + 6224, 0 = -3*d + 3. Calculate the highest common divisor of 164 and f.
82
Let n = -252 + 284. Let x(w) = 2*w**3 - 64*w**2 + 15*w - 64. Let g be x(n). What is the highest common factor of g and 52?
52
Suppose -26*d + 87 = -43. Suppose -3*t - 31 = -2*n + 24, -148 = -d*n + 4*t. Calculate the highest common divisor of 128 and n.
32
Suppose q - 6*q - 25 = 0. Let s be 105/(-2)*10/q. What is the highest common factor of s and 7?
7
Suppose 4*o = -4*w + 116 + 152, 265 = 4*o + 3*w. Calculate the highest common factor of 136 and o.
8
Suppose 0 = -k - 4*r + 2*r + 24, r - 52 = -3*k. Let n be (88*-2)/(10/(-30)*3). What is the greatest common factor of k and n?
16
Let b(x) = -x**2 + 32*x + 56. Let q(c) = -5*c + 3. Let v be q(-6). Let k be b(v). What is the highest common factor of 713 and k?
23
Let q be 89370/1395 - (-4)/(-62). What is the highest common divisor of q and 832?
64
Let g(w) = -w**3 - 14*w**2 - 27*w - 30. Suppose -19 - 89 = 9*c. Let i be g(c). Let x = 118 - 70. Calculate the highest common factor of x and i.
6
Let s(g) = -2*g**2 + 55 + g + 8*g + 39*g + 12. Let a be s(22). Calculate the highest common divisor of 217 and a.
31
Let o = -569 - -571. Let g be (4 - (97 + o))*-2. What is the greatest common factor of 5 and g?
5
Let o be (-1)/(5/(5 + -290)). Suppose 3*l - f = o, f + 3*f + 102 = 5*l. Let b be (-29)/(-3) + (-4)/6. What is the greatest common divisor of b and l?
9
Suppose 0 = -v - 5*v. Suppose 0 = -v*j - 3*j + 12. Suppose 0 = -k - j*k + 165. Calculate the greatest common divisor of 3 and k.
3
Let c be (3 - (3 + 369/6))*2. Let s = -90 - c. Suppose q = 3*q - 44. What is the highest common divisor of s and q?
11
Let v(i) = i**3 + 8*i**2 - 6*i - 8. Let f = 10 + -16. Let d be v(f). Let a = -17227 - -17237. What is the greatest common divisor of d and a?
10
Let n be (-5 + 3 - -5)/(4/(-8)). Let o be ((-52)/n)/((3 - 12)/(-27)). What is the greatest common factor of o and 182?
26
Let t = -16852 + 18774. Calculate the greatest common divisor of 62 and t.
62
Let n(k) = k**2 + k - 8. Let z be n(-4). Let y(j) = 6*j - 12. Let o be y(z). Let x(a) = 3*a + 39. Let d be x(23). What is the highest common factor of d and o?
12
Suppose 4*i = -5*t + 9*i + 135445, 5*i - 1029339 = -38*t. Calculate the highest common factor of 16 and t.
16
Let l be (-2)/5*10/4. Let w be -4*(l + 0) - (1 + -2). Let o be (w/6 + 3/(-9))*34. What is the highest common factor of 119 and o?
17
Suppose -12*v + 496 = 21*v + 1. Calculate the highest common factor of v and 105.
15
Let q be -1*1/3*(6 + -6). Let b(o) = -o + 23*o**3 + o**2 - 22*o**3 + 2*o**2 - 1 + q*o. Let u be b(-2). What is the highest common divisor of 15 and u?
5
Let o = 111 + -108. Suppose -135 = o*y - 18*y. Suppose 396 = -3*s + y*s. What is the highest common divisor of s and 99?
33
Let z be (((-56)/(-12))/7)/((-3)/9) + 2597. What is the greatest common divisor of 330 and z?
15
Let p(j) = j**3 + 7*j**2 - 6*j - 42. Let q be p(-4). Calculate the highest common divisor of 1490 and q.
10
Suppose 679 = 40*v - 33*v. Let p be v/3 + ((-10)/6)/5. Calculate the highest common factor of p and 112.
16
Let t = 2894 + -1216. Let x be t/8 + 0 - 24/(-96). Calculate the highest common factor of 30 and x.
30
Suppose 4*w = -5*q + 32175, 5*w - 37850 = -q + 2353. What is the highest common divisor of w and 120?
120
Let b be ((-3)/9)/(5/(-105)). Let l be 0 + (-1)/(-3) + (-15)/(-9). Suppose -5*g = -3*r - 312, -l*r + 8 = -g + 69. What is the highest common divisor of b and g?
7
Let x(z) = 2*z**2 - 30*z - 12. Let g be x(15). Let a be 4/g + (-192)/(-36). What is the highest common factor of 35 and a?
5
Suppose 4*j - 5*v + 4 = 29, 3 = v. Let d = 109 - 39. Calculate the greatest common divisor of d and j.
10
Let h = 40 + -37. Suppose -13*f + 100 = -h*f. Calculate the highest common divisor of 50 and f.
1